{"id":248,"date":"2019-07-12T10:25:40","date_gmt":"2019-07-12T08:25:40","guid":{"rendered":"http:\/\/www.christophetrouilhet.fr\/welcome\/?page_id=248"},"modified":"2019-07-12T10:28:33","modified_gmt":"2019-07-12T08:28:33","slug":"photo-equilibre-precaire-avec-aidan-rolinson-raiford","status":"publish","type":"page","link":"http:\/\/www.christophetrouilhet.fr\/welcome\/photo-equilibre-precaire-avec-aidan-rolinson-raiford\/","title":{"rendered":"Photo : \u00ab Equilibre pr\u00e9caire \u00bb, avec Aidan Rolinson-Raiford"},"content":{"rendered":"\n<div class=\"wp-block-image\"><figure class=\"alignleft\"><img loading=\"lazy\" width=\"333\" height=\"500\" src=\"http:\/\/www.christophetrouilhet.fr\/welcome\/wp-content\/uploads\/2019\/07\/161013_20B5327.jpg\" alt=\"\" class=\"wp-image-250\" srcset=\"http:\/\/www.christophetrouilhet.fr\/welcome\/wp-content\/uploads\/2019\/07\/161013_20B5327.jpg 333w, http:\/\/www.christophetrouilhet.fr\/welcome\/wp-content\/uploads\/2019\/07\/161013_20B5327-200x300.jpg 200w\" sizes=\"(max-width: 333px) 100vw, 333px\" \/><figcaption>Equilibre pr\u00e9caire &#8211; Aidan Rolinson-Raiford<\/figcaption><\/figure><\/div>\n\n\n\n<p>La formation professionnelle de l\u2019\u00e9cole de cirque du Lido, accueille tous les ans une\u00a0 nouvelle promotion. Parmi ces nouvelles t\u00eates, certaines personnalit\u00e9s me touchent plus que d\u2019autres, et c\u2019est le cas d\u2019Aidan.<\/p>\n\n\n\n<p>Sur la photo, on voit ce grand personnage en salopette orange vif, faire tenir en \u00e9quilibre une massue sur son front. <\/p>\n\n\n\n<p>A l\u2019issue de cette performance, on pouvait se dire qu\u2019en d\u00e9fiant ainsi les\nlois de l\u2019\u00e9quilibre, il \u00e9tait d\u00e9j\u00e0 un grand jongleur. Mais sur les essais\nsuivants, j\u2019ai d\u00e9couvert un artiste plus \u00e9tonnant encore. Tant\u00f4t jongleur,\ntant\u00f4t fakir avaleur de sabres, ou grand orateur avec une pancarte autour du\ncou, il fait souffler sur le public un vent de nouveaut\u00e9, une petite brise fra\u00eeche\nqui nous rappelle que le cirque contemporain c\u2019est aussi cette folie et cette\n\u00e9nergie qui accompagne la performance artistique.&nbsp;<\/p>\n\n\n\n<p>A chacun de ses passages, Aidan fait toujours l\u2019unanimit\u00e9, car il sait communiquer au public toutes ces valeurs, avec sa personnalit\u00e9, et toujours une certaine dose de po\u00e9sie d\u00e9licieusement d\u00e9cal\u00e9e.<\/p>\n\n\n\n<p>Envie d\u2019avoir cette photo chez vous? Alors jetez un oeil sur cette page : <a href=\"http:\/\/www.christophetrouilhet.fr\/welcome\/un-tirage-original-chez-vous\/\">http:\/\/www.christophetrouilhet.fr\/welcome\/un-tirage-original-chez-vous\/<\/a><\/p>\n\n\n\n<p><\/p>\n","protected":false},"excerpt":{"rendered":"<p>La formation professionnelle de l\u2019\u00e9cole de cirque du Lido, accueille tous les ans une\u00a0 nouvelle promotion. Parmi ces nouvelles t\u00eates, certaines personnalit\u00e9s me touchent plus que d\u2019autres, et c\u2019est le cas d\u2019Aidan. Sur la photo, on voit ce grand personnage en salopette orange vif, faire tenir en \u00e9quilibre une massue sur son front. A l\u2019issue &hellip; <\/p>\n<p class=\"link-more\"><a href=\"http:\/\/www.christophetrouilhet.fr\/welcome\/photo-equilibre-precaire-avec-aidan-rolinson-raiford\/\" class=\"more-link\">Continuer la lecture<span class=\"screen-reader-text\"> de &laquo;&nbsp;Photo : \u00ab Equilibre pr\u00e9caire \u00bb, avec Aidan Rolinson-Raiford&nbsp;&raquo;<\/span><\/a><\/p>\n","protected":false},"author":1,"featured_media":0,"parent":0,"menu_order":0,"comment_status":"closed","ping_status":"closed","template":"","meta":[],"yoast_head":"<!-- This site is optimized with the Yoast SEO plugin v16.1.1 - https:\/\/yoast.com\/wordpress\/plugins\/seo\/ -->\n<title>Photo : \u00ab Equilibre pr\u00e9caire \u00bb, avec Aidan Rolinson-Raiford - Christophe Trouilhet<\/title>\n<link rel=\"canonical\" href=\"http:\/\/www.christophetrouilhet.fr\/welcome\/photo-equilibre-precaire-avec-aidan-rolinson-raiford\/\" \/>\n<meta property=\"og:locale\" content=\"fr_FR\" \/>\n<meta property=\"og:type\" content=\"article\" \/>\n<meta property=\"og:title\" content=\"Photo : \u00ab Equilibre pr\u00e9caire \u00bb, avec Aidan Rolinson-Raiford - Christophe Trouilhet\" \/>\n<meta property=\"og:description\" content=\"La formation professionnelle de l\u2019\u00e9cole de cirque du Lido, accueille tous les ans une\u00a0 nouvelle promotion. Parmi ces nouvelles t\u00eates, certaines personnalit\u00e9s me touchent plus que d\u2019autres, et c\u2019est le cas d\u2019Aidan. Sur la photo, on voit ce grand personnage en salopette orange vif, faire tenir en \u00e9quilibre une massue sur son front. A l\u2019issue &hellip; Continuer la lecture de &laquo;&nbsp;Photo : \u00ab Equilibre pr\u00e9caire \u00bb, avec Aidan Rolinson-Raiford&nbsp;&raquo;\" \/>\n<meta property=\"og:url\" content=\"http:\/\/www.christophetrouilhet.fr\/welcome\/photo-equilibre-precaire-avec-aidan-rolinson-raiford\/\" \/>\n<meta property=\"og:site_name\" content=\"Christophe Trouilhet\" \/>\n<meta property=\"article:modified_time\" content=\"2019-07-12T08:28:33+00:00\" \/>\n<meta property=\"og:image\" content=\"http:\/\/www.christophetrouilhet.fr\/welcome\/wp-content\/uploads\/2019\/07\/161013_20B5327.jpg\" \/>\n<meta name=\"twitter:card\" content=\"summary_large_image\" \/>\n<meta name=\"twitter:label1\" content=\"Dur\u00e9e de lecture est.\">\n\t<meta name=\"twitter:data1\" content=\"1 minute\">\n<script type=\"application\/ld+json\" class=\"yoast-schema-graph\">{\"@context\":\"https:\/\/schema.org\",\"@graph\":[{\"@type\":\"WebSite\",\"@id\":\"http:\/\/www.christophetrouilhet.fr\/welcome\/#website\",\"url\":\"http:\/\/www.christophetrouilhet.fr\/welcome\/\",\"name\":\"Christophe Trouilhet\",\"description\":\"Artiste Photographe de Cirque\",\"potentialAction\":[{\"@type\":\"SearchAction\",\"target\":\"http:\/\/www.christophetrouilhet.fr\/welcome\/?s={search_term_string}\",\"query-input\":\"required name=search_term_string\"}],\"inLanguage\":\"fr-FR\"},{\"@type\":\"ImageObject\",\"@id\":\"http:\/\/www.christophetrouilhet.fr\/welcome\/photo-equilibre-precaire-avec-aidan-rolinson-raiford\/#primaryimage\",\"inLanguage\":\"fr-FR\",\"url\":\"http:\/\/www.christophetrouilhet.fr\/welcome\/wp-content\/uploads\/2019\/07\/161013_20B5327.jpg\",\"contentUrl\":\"http:\/\/www.christophetrouilhet.fr\/welcome\/wp-content\/uploads\/2019\/07\/161013_20B5327.jpg\",\"width\":333,\"height\":500,\"caption\":\"Equilibre precaire - Aidan Rolinson-Raiford\"},{\"@type\":\"WebPage\",\"@id\":\"http:\/\/www.christophetrouilhet.fr\/welcome\/photo-equilibre-precaire-avec-aidan-rolinson-raiford\/#webpage\",\"url\":\"http:\/\/www.christophetrouilhet.fr\/welcome\/photo-equilibre-precaire-avec-aidan-rolinson-raiford\/\",\"name\":\"Photo : \\u00ab Equilibre pr\\u00e9caire \\u00bb, avec Aidan Rolinson-Raiford - Christophe Trouilhet\",\"isPartOf\":{\"@id\":\"http:\/\/www.christophetrouilhet.fr\/welcome\/#website\"},\"primaryImageOfPage\":{\"@id\":\"http:\/\/www.christophetrouilhet.fr\/welcome\/photo-equilibre-precaire-avec-aidan-rolinson-raiford\/#primaryimage\"},\"datePublished\":\"2019-07-12T08:25:40+00:00\",\"dateModified\":\"2019-07-12T08:28:33+00:00\",\"breadcrumb\":{\"@id\":\"http:\/\/www.christophetrouilhet.fr\/welcome\/photo-equilibre-precaire-avec-aidan-rolinson-raiford\/#breadcrumb\"},\"inLanguage\":\"fr-FR\",\"potentialAction\":[{\"@type\":\"ReadAction\",\"target\":[\"http:\/\/www.christophetrouilhet.fr\/welcome\/photo-equilibre-precaire-avec-aidan-rolinson-raiford\/\"]}]},{\"@type\":\"BreadcrumbList\",\"@id\":\"http:\/\/www.christophetrouilhet.fr\/welcome\/photo-equilibre-precaire-avec-aidan-rolinson-raiford\/#breadcrumb\",\"itemListElement\":[{\"@type\":\"ListItem\",\"position\":1,\"item\":{\"@type\":\"WebPage\",\"@id\":\"http:\/\/www.christophetrouilhet.fr\/welcome\/\",\"url\":\"http:\/\/www.christophetrouilhet.fr\/welcome\/\",\"name\":\"Accueil\"}},{\"@type\":\"ListItem\",\"position\":2,\"item\":{\"@type\":\"WebPage\",\"@id\":\"http:\/\/www.christophetrouilhet.fr\/welcome\/photo-equilibre-precaire-avec-aidan-rolinson-raiford\/\",\"url\":\"http:\/\/www.christophetrouilhet.fr\/welcome\/photo-equilibre-precaire-avec-aidan-rolinson-raiford\/\",\"name\":\"Photo : \\u00ab Equilibre pr\\u00e9caire \\u00bb, avec Aidan Rolinson-Raiford\"}}]}]}<\/script>\n<!-- \/ Yoast SEO plugin. -->","_links":{"self":[{"href":"http:\/\/www.christophetrouilhet.fr\/welcome\/wp-json\/wp\/v2\/pages\/248"}],"collection":[{"href":"http:\/\/www.christophetrouilhet.fr\/welcome\/wp-json\/wp\/v2\/pages"}],"about":[{"href":"http:\/\/www.christophetrouilhet.fr\/welcome\/wp-json\/wp\/v2\/types\/page"}],"author":[{"embeddable":true,"href":"http:\/\/www.christophetrouilhet.fr\/welcome\/wp-json\/wp\/v2\/users\/1"}],"replies":[{"embeddable":true,"href":"http:\/\/www.christophetrouilhet.fr\/welcome\/wp-json\/wp\/v2\/comments?post=248"}],"version-history":[{"count":4,"href":"http:\/\/www.christophetrouilhet.fr\/welcome\/wp-json\/wp\/v2\/pages\/248\/revisions"}],"predecessor-version":[{"id":253,"href":"http:\/\/www.christophetrouilhet.fr\/welcome\/wp-json\/wp\/v2\/pages\/248\/revisions\/253"}],"wp:attachment":[{"href":"http:\/\/www.christophetrouilhet.fr\/welcome\/wp-json\/wp\/v2\/media?parent=248"}],"curies":[{"name":"wp","href":"https:\/\/api.w.org\/{rel}","templated":true}]}}